a(j).
-7
Let w be ((-60)/50 + (-6)/(-30))*1/1. Let t(h) = 11*h - 5. Let o(s) be the first derivative of -3*s**2 + 3*s - 1. Let l(b) = 5*o(b) + 3*t(b). What is l(w)?
-3
Let l(r) be the first derivative of r**3/3 + 2*r**2 - 20*r - 657. Give l(4).
12
Let v(p) = p**3 + 12*p**2 + 2*p + 7. Suppose k + 22 = -5*q, 2*q = -54*k + 53*k - 16. What is v(k)?
-17
Let v(s) = 4*s**3 - s**2 - 36*s - 4. Let a(k) = -3*k**3 + 25*k + 5. Let p(u) = 3*a(u) + 2*v(u). Calculate p(-5).
67
Suppose -y = 5*c - 40, -c - 4*c + 45 = 2*y. Let x(k) = -41*k + 289. What is x(c)?
2
Let u(l) = 0*l + 17 - 13*l + 4*l + 2*l + 6*l. Calculate u(6).
11
Let y(c) = c**3 + 13*c**2 + 19*c - 20. Let r be y(-11). Let j(v) = 6 + 13*v - 10*v - v**2 + r*v - 24*v + 2*v**2. Give j(7).
-1
Let h(a) = a**3 - a**2 - 2. Let o be -4 + 174 + -5 + -4. Let s = 164 - o. Determine h(s).
16
Let i(c) = -33 + 5*c**3 - 2*c**3 + 32 - 2*c**2 - 2*c**3. Let z(b) = 14*b - 13. Let w be z(-5). Let l = w - -86. Calculate i(l).
8
Suppose 0 = 2*d + 5*v - 14, 5*v - 10 + 0 = 0. Let l(i) = i**3 + 3*i**2 - 3*i. Let z be l(-4). Let k be 3*d/(-8)*z - -1. Let t(s) = -2*s + 3. Calculate t(k).
-5
Let p be (-128)/(-12)*(-9)/(-24). Let n(q) = -q + 8. What is n(p)?
4
Let h(q) = -55*q**3 - 20*q**2 + 22*q - 73. Let j(x) = -82*x**3 - 19*x**2 + 23*x - 73. Let u(o) = -3*h(o) + 2*j(o). Give u(-23).
4
Let q(r) = -15*r + 770. Let t(u) = 7*u - 355. Let z(o) = 6*q(o) + 13*t(o). Give z(23).
28
Suppose -5*r + 0*z = z - 29, 16 = 4*z. Let a(m) = -m - 1 - 2*m + 5*m + r*m. Suppose 4*v - 6 = -2*v. Give a(v).
6
Let d(s) = -s**3 + 2*s**2 + 3*s - 2. Suppose -4*t - 4*l = -340, -2*l - 295 = -4*t + 3*l. Let v = t - 26. Let g = v + -51. Determine d(g).
-2
Let b(o) = o**3 + 9*o**2 + 19*o + 24. Suppose -s + 23*s + 56 + 98 = 0. Calculate b(s).
-11
Suppose 0 = -4*p - 2*z + 26, -2*p - 28*z + 18 = -26*z. Let y(f) = -f**3 + 3*f**2 + 5*f + 2. What is y(p)?
6
Let c(k) = -140*k + 60*k + 5 + 75*k + 19. Calculate c(4).
4
Let i(y) be the first derivative of -y**4/4 + y**3/3 - y**2/2 + 2*y - 3830. Suppose 6 = 4*d + 14. What is i(d)?
16
Let k be 7 + -5 + 1 - (-3 + -1). Let i(x) = -10*x**2 + 4*x. Let p(d) = 7*d**2 - 3*d. Let c(w) = k*p(w) + 5*i(w). What is c(-2)?
-2
Let q(o) = -o**2 + 8*o + 36. Let u = 8364 - 8357. What is q(u)?
43
Suppose -6*k + 5 = -5*k. Suppose 0 = -2*p - o - k - 2, 2*o = 10. Let v(n) = -n**3 - 8*n**2 - 9*n - 4. Determine v(p).
-22
Suppose -5*u - 26*d = -29*d - 22, 4*u - 2*d - 18 = 0. Let b(i) = -i**3 + 4*i**2 + 6*i - 3. Determine b(u).
2
Let r(u) be the third derivative of u**5/60 - u**4/8 - u**3/3 + 3426*u**2. Determine r(6).
16
Let y be (5 + 85/(-15))*(-36)/2. Let q be (-1)/y + (-54)/(-648). Let g(c) = -c - 4. Calculate g(q).
-4
Let j(n) = -n + 6. Let w be j(1). Let a(b) = -w*b**2 + 20*b + 2*b**2 + 2 - 19*b. What is a(-2)?
-12
Let y = -27 - -24. Let i(l) be the second derivative of l**4/12 - 2*l**2 - 594*l. Give i(y).
5
Let f(g) = 4*g - 50. Let m = 2587 - 2576. Calculate f(m).
-6
Let i be (-12 - -6)*-1*27/(-2). Let f = i - -75. Let k(v) = -v**2 - 5*v + 8. Determine k(f).
2
Let g(y) be the third derivative of 0 - 1/60*y**5 + 0*y + 144*y**2 - 5/6*y**3 + 11/24*y**4. What is g(8)?
19
Let q(x) = -11*x**3 - 8 + 15 + 0*x**2 - 6 + 2*x**2 + 2*x - x**2. Let s be 22/(-18) - 2/(-9). Calculate q(s).
11
Let b(h) = -10*h**2 - 111*h - 5. Let v(n) = -n**2 - 11*n - 1. Let k(u) = -2*b(u) + 21*v(u). What is k(-8)?
-3
Let y(j) be the first derivative of j**3/3 + j**2/2 + 40*j + 3. Suppose -1624*n + 1616*n = 0. Determine y(n).
40
Let p be (-2)/7 - 19/7. Let o(j) = 7*j**3 + 15*j**2 - 8*j - 3. Let b(s) = -5*s**3 - 11*s**2 + 6*s + 3. Let q(z) = 3*b(z) + 2*o(z). Calculate q(p).
-3
Suppose 185 - 8 = 59*c. Let y(u) = 2*u - 17. Give y(c).
-11
Let c(g) = -14*g - 5 - 4*g - 2*g**3 + 21*g - 8*g. Calculate c(-2).
21
Let d(a) = 6 + 493*a - 496*a - a**3 - 8 - 4*a**2. Let r be (2 + -1)/(1/(-4)). Calculate d(r).
10
Let z = -812 + 814. Let n(t) = -4*t + 35*t**2 + z*t - 1 - 58*t**2. What is n(-1)?
-22
Let u(d) be the first derivative of -d**7/840 + d**6/360 + d**5/60 - 28*d**3/3 - 2*d + 18. Let o(r) be the third derivative of u(r). What is o(2)?
0
Let y(k) be the third derivative of k**6/120 + 11*k**5/60 - 5*k**4/8 - 4*k**3/3 + 1813*k**2. What is y(-12)?
28
Let y(r) be the second derivative of -r**4/4 - 5*r**3/6 + 45*r**2 + 56*r - 2. Let t(l) be the first derivative of y(l). What is t(-2)?
7
Let l be (-2)/42*-485 - 50/525. Let m(y) = -y + 26. Calculate m(l).
3
Suppose 3*c = 53*c + 150. Suppose 0 = -3*a + 2*i + 2 + 9, 0 = 3*a + 3*i - 6. Let r(o) = 2*o**2 + o**3 - 2*o**2 - a*o**2 + o - 3*o**3. Calculate r(c).
24
Let r(i) = -i**3 - 9*i**2 + 12*i + 8. Suppose 2*h + 3*a = 15, 0 = -4*a - 0*a + 20. Suppose h = 634*q - 633*q + 10. Determine r(q).
-12
Let c(y) = -13*y + 93. Let t be ((3 + 11)*(6 - (-13)/(-2)))/(-1). Calculate c(t).
2
Let f be (-34)/(-10) + 18/5 + -4. Let a(o) be the first derivative of 2*o**2 + 3*o + 28. Calculate a(f).
15
Suppose 42*h - 622 = -852 + 440. Let r(m) = m - 18. Let c(t) = 1. Let z(a) = -6*c(a) - r(a). Give z(h).
7
Let a(j) = 2*j**2 - 18 + 7 - 15 - 11*j - 3*j**2. Determine a(-4).
2
Let t(r) = r**3 + 3*r**2 - r + 5. Let i be (1 + -1)/(18/9). Suppose a + 9 - 5 = i. Let d be t(a). Let p(x) = -x**2 - 7*x. Determine p(d).
0
Let o(j) = -2*j**3 - 21*j**2 - 6*j + 36. Let t(h) = -5*h**2 - 44*h - 78. Let w be t(-2). What is o(w)?
-4
Let l be (-390)/42 + 3 - (5 + (-148)/28). Let a(o) = -2*o**3 - 12*o**2 + 3*o + 15. What is a(l)?
-3
Suppose -q = -d - 8, 293*q - 290*q = -4*d + 31. Let b(v) = v**3 - 10*v**2 + 10*v + 5. Calculate b(q).
14
Let t = 50 + -58. Let o = t - -7. Let w(j) = -3*j**3 - 3*j**2 - 1. Let b(m) = m**3 - m**2 + m. Let r(a) = -2*b(a) + w(a). Calculate r(o).
5
Let h(v) = v**3 - 32*v**2 - 36*v + 99. Let j(y) = -2*y**2 + 580*y - 5567. Let u be j(10). What is h(u)?
0
Let r(v) = -4*v - 15*v - 9*v + 35*v + v + 11 - 10*v. Let y(x) be the third derivative of x**5/60 - x**4/12 - 7*x**3/6 - x**2. Let d be y(5). What is r(d)?
-5
Let d(j) = 4*j**3 - 4*j - 3. Let z(h) = -h**3 - h**2 + 3. Let a(x) = d(x) + 3*z(x). Calculate a(4).
6
Let w be 2/(7/(-476)*-4). Let k(p) = 3*p - 95. Let j be k(w). Let c(t) = -t**2 + 7*t - 8. Determine c(j).
-8
Let v be (0 + 15)/5 + -2 + 20. Suppose 40 = -v*s + 16*s. Let x(l) = l + 4. Give x(s).
-4
Suppose -17*t + 13*t + 36 = 0. Let u(q) = -11 - 15*q + t + 5*q + 3*q - q**2. Suppose 18 = -2*x + 2*b, -2*x - 5*b + 2 = -2*b. Determine u(x).
8
Let d(r) = r**3 + 5*r**2 - 17*r - 13. Let g be d(-7). Let i = 29 - 41. Let f be ((-18)/i)/((-6)/g). Let z(a) = -5*a + 1. Determine z(f).
11
Suppose -94*j + 656 = -92*j. Let i(d) = -j*d + 2 + 2 - 2 + 329*d. Determine i(5).
7
Let q(u) = u**3 + 5*u**2 - 2*u. Suppose -5*m = -4*l - l + 2090, -3*m = l - 426. Let p = 120 - l. Let t be (-6)/(-4)*p/90. Calculate q(t).
10
Let m(n) = 2*n**3 - 9*n**2 - n - 3. Let g be m(5). Let f(t) = -23*t + 1 - g*t + 46*t. Give f(2).
13
Let p = 38 - 35. Suppose -2*t - p*t = 0. Let o(n) = -31*n**3 + 17*n**3 + 15*n**3 - 2. Determine o(t).
-2
Suppose -5*h = -3*i - 61, 47 = 2*h + 3*h + 4*i. Suppose h - 21 = 2*q. Let p(d) = -4*d - 3. Give p(q).
17
Let h = 29390 + -29397. Let y(a) = -a**2 - a - 1. Let l(c) = -3*c**2 + 3*c - 8. Let s(f) = -l(f) + 4*y(f). Give s(h).
4
Let i(m) = 3*m + 3. Let n(v) be the second derivative of -v**4/6 - 4*v**3/3 + 29*v**2 - 54*v - 2. Let s be n(-8). Give i(s).
-15
Suppose 3*y + 5*y = 42 + 86. Let a(n) be the second derivative of -1/3*n**4 + 2*n**2 + 1/6*n**3 + 1/20*n**5 + 0 - y*n. Give a(4).
8
Suppose 7 = -u - 3*m, 0 = -5*u + 5*m + 5. Let c(w) be the first derivative of -16*w**2 - w + 5574. Calculate c(u).
31
Let s(j) = 133*j + 4377. Let q(o) = 81*o + 2916. Let r(p) = 8*q(p) - 5*s(p). What is r(85)?
-2
Let m(i) = -7*i**3 + 20*i**2 - 31*i + 18. Let g(q) = 2*q**3 - 6*q**2 + 10*q - 6. Let r(j) = 10*g(j) + 3*m(j). Give r(2).
0
Let r(q) = 49*q - 249. Suppose 0 = -2*g + 2*v, 8*v - 10 = 3*g + 3*v. What is r(g)?
-4
Let u = 19 + -14. Let w(k) = 14*k**2 + 42*k + 2. Let b be w(-3). Suppose -55 = -u*v - a, 22 = b*v - 2*a - 2*a. Let m(y) = -y**2 + 11*y + 7. Calculate m(v).
7
Let b(n) = -n**3 - 10*n**2 - 4*n - 46. Let w be (10/8)/((-88)/704). What is b(w)?
-6
Let h = 587508 + -587508. Let n(t) = t + 34. Let l(w) = w + 35. Let r(o) = 5*l(o) - 6*n(o). Determine r(h).
-29
Suppose l + 4 